 11465*j**2 + 236*j - 465. Give s(234).
3
Let n(i) = i**3 + 9*i**2 + 2*i + 40. What is n(-9)?
22
Let q(t) = 529*t + 1052. Determine q(-2).
-6
Let m(l) = 15*l + 179. Give m(-22).
-151
Let o(x) = -5*x**2 + 4*x + 4. Calculate o(-2).
-24
Let v(b) = -471*b + 17419. Calculate v(37).
-8
Let r(g) = -g**3 - 15*g**2 - 14*g - 72. What is r(-13)?
-228
Let n(u) = -3*u**2 - u + 6. Determine n(-4).
-38
Let q(h) = 3*h**2 - 172*h + 392. What is q(55)?
7
Let z(c) = -2075*c - 26974. Calculate z(-13).
1
Let o(x) = 111*x + 3545. Calculate o(-32).
-7
Let y(b) = -788*b + 30744. Give y(39).
12
Let y(f) = -10*f**3 - 11*f**2 - 29*f - 2. Determine y(-3).
256
Let g(n) = 3*n**3 + 71*n**2 - 77*n + 5. Give g(1).
2
Let g(k) = 3*k**2 + 19*k + 145. Calculate g(-8).
185
Let h(y) = -2*y**3 + 11*y**2 + y - 28. What is h(6)?
-58
Let t(p) = p**2 + 82*p + 1660. What is t(-46)?
4
Let p(f) = -163*f + 11570. What is p(71)?
-3
Let b(u) = -2*u**2 + 993*u - 83351. Calculate b(107).
2
Let l(f) = 83*f + 428. Determine l(-6).
-70
Let c(g) = -20*g - 49. What is c(17)?
-389
Let u(k) = -39*k + 2291. What is u(58)?
29
Let t(n) = 30*n - 263. Give t(8).
-23
Let j(a) = 67*a + 394. What is j(2)?
528
Let x(k) = -k**3 + 70*k**2 + 99*k - 1951. Determine x(71).
37
Let b(t) = 118*t**3 - 3*t**2 + 9*t - 8. Calculate b(1).
116
Let c(n) = -n**2 + n + 1184. Determine c(35).
-6
Let b(q) = -q**2 - 31*q - 282. Calculate b(-11).
-62
Let j(v) = 7*v**3 + 58*v**2 + 21*v + 28. Give j(-8).
-12
Let o(x) = -x**2 - 5*x + 1811. What is o(-45)?
11
Let i(t) = -580*t - 2327. What is i(-4)?
-7
Let j(a) = -2*a**2 - 69*a - 98. Determine j(-30).
172
Let n(d) = -9*d**2 + 1340*d - 3801. Calculate n(146).
-5
Let u(c) = -c**3 + 19*c**2 - 49*c - 90. Determine u(15).
75
Let v(r) = -45*r**2 + 765*r + 2. Determine v(17).
2
Let j(h) = 29*h + 7033. Determine j(-243).
-14
Let x(f) = f**3 + 240*f**2 + 5750*f - 23. Give x(-27).
4
Let v(s) = -34*s + 8. Give v(5).
-162
Let u(x) = -x**3 + 10*x**2 + 712*x - 4423. Determine u(6).
-7
Let s(z) = z**3 - 53*z**2 - 239*z + 402. Give s(57).
-225
Let x(c) = -c**3 - 25*c**2 - 116*c - 1618. Give x(-23).
-8
Let y(a) = -9*a**3 - 3*a**2 + a + 4. What is y(-1)?
9
Let v(o) = -10*o**2 - 92*o - 93. What is v(-1)?
-11
Let u(f) = -f**3 - 23*f**2 + 20*f - 95. What is u(-24)?
1
Let h(j) = j**3 - 6*j**2 + 10*j - 1. Determine h(5).
24
Let d(j) = -3*j**2 + 105*j - 9. Calculate d(35).
-9
Let a(i) = -4427*i + 30984. Give a(7).
-5
Let h(x) = x**3 + 57*x**2 + 58*x + 123. Calculate h(-56).
11
Let q(f) = -f - 22. Calculate q(-10).
-12
Let n(q) = 11*q**2 + 34*q - 120. Give n(3).
81
Let j(a) = -9*a**3 - 79*a**2 + a + 29. Calculate j(-4).
-663
Let t(d) = -d**2 - 189*d - 3224. What is t(-19)?
6
Let r(b) = b**3 + 32*b**2 + 190*b - 40. Determine r(-24).
8
Let t(z) = z**3 + 19*z**2 - 16*z - 225. Calculate t(-19).
79
Let a(d) = 367*d + 35970. Calculate a(-98).
4
Let g(p) = p**3 - 38*p**2 - 208*p - 301. Calculate g(43).
0
Let v(x) = -x**3 + 23*x**2 - 128*x - 5. What is v(13)?
21
Let l(p) = -p**3 + 2*p**2 + 32*p + 11. Calculate l(7).
-10
Let y(o) = -9*o**2 + 47*o + 23. Determine y(7).
-89
Let p(b) = -4700*b - 32905. What is p(-7)?
-5
Let s(z) = z**2 + 37*z + 59. Determine s(-32).
-101
Let n(h) = 224*h**3 - h**2 + 4*h - 3. Give n(1).
224
Let p(a) = -a**2 + 76*a - 1073. Determine p(57).
10
Let a(w) = w**2 + 12*w + 24. Determine a(-11).
13
Let b(r) = 16*r**2 + 271*r + 16. Calculate b(-17).
33
Let u(q) = q**2 + 32*q - 242. Determine u(6).
-14
Let m(s) = 9886*s + 207619. Give m(-21).
13
Let v(b) = -b**3 - 21*b**2 + 128*b - 42. Give v(-26).
10
Let m(d) = 3*d**2 - 81*d + 78. Determine m(26).
0
Let x(k) = -4*k**2 - 18*k - 5. What is x(-10)?
-225
Let g(z) = -9*z**3 - 56*z**2 - 82*z - 15. Give g(-2).
-3
Let s(m) = 3*m**3 - 230*m**2 + 146*m + 428. Calculate s(76).
-28
Let z(u) = u**3 - 25*u**2 + 12*u - 257. Calculate z(25).
43
Let x(n) = -8*n**3 - 98*n**2 - 104*n - 6. Determine x(-1).
8
Let m(k) = 14*k - 87. Give m(10).
53
Let z(s) = -393*s + 716. Determine z(2).
-70
Let l(y) = -y**2 + 40*y - 93. Determine l(9).
186
Let m(j) = 150*j + 4850. Determine m(-32).
50
Let k(x) = -18*x - 1049. Calculate k(-60).
31
Let x(d) = -8*d**2 - 532*d - 751. Give x(-65).
29
Let u(a) = 3*a**2 + 64*a + 89. What is u(-20)?
9
Let c(k) = -24*k**2 + 142*k - 25. Calculate c(6).
-37
Let w(r) = -303*r + 94533. Determine w(312).
-3
Let o(a) = -5*a**2 + 61*a + 564. What is o(18)?
42
Let a(i) = -1881*i + 7539. Calculate a(4).
15
Let z(l) = 8*l - 4. Determine z(-4).
-36
Let p(r) = -r**3 - 66*r**2 + 128*r - 526. What is p(-68)?
18
Let t(j) = 2*j**2 + 30*j + 79. Give t(-11).
-9
Let q(s) = -20*s + 347. Calculate q(16).
27
Let b(s) = s**3 - 62*s**2 + 227*s + 314. What is b(58)?
24
Let l(d) = 2*d**3 + 143*d**2 - 211*d + 435. Give l(-73).
-149
Let p(r) = 38*r - 652. Determine p(19).
70
Let k(r) = -r**3 + 88*r**2 - 83*r - 371. Give k(87).
-23
Let h(v) = -102*v + 941. What is h(9)?
23
Let l(u) = -2*u**3 - 4*u**2 - 28*u - 49. Determine l(-2).
7
Let s(c) = -2*c**2 - 723*c - 11060. Calculate s(-16).
-4
Let f(s) = -2*s**3 + 17*s**2 - 14*s - 15. What is f(7)?
34
Let p(x) = 3*x**2 + 47*x + 10. Determine p(-14).
-60
Let n(p) = -p**2 - 38*p - 116. Determine n(-26).
196
Let r(i) = -18*i + 68. What is r(14)?
-184
Let l(a) = -a**3 + 29*a**2 - 3*a + 146. What is l(29)?
59
Let d(w) = 26*w - 1923. What is d(76)?
53
Let x(g) = 268*g + 5090. Calculate x(-19).
-2
Let f(h) = 4716*h - 4705. Determine f(1).
11
Let f(w) = 2*w**3 - 67*w**2 - 103*w - 60. What is f(35)?
10
Let z(p) = -p**3 + 22*p**2 + 57*p - 794. Calculate z(23).
-12
Let b(t) = t**3 - 26*t**2 + 79*t - 64. What is b(22)?
-262
Let t(z) = -z**3 + 9*z + 11. Give t(-3).
11
Let o(m) = -3*m**3 + 25*m**2 + 19*m - 209. What is o(8)?
7
Let i(b) = -239*b - 2381. Give i(-11).
248
Let g(u) = 92*u + 193. Give g(-3).
-83
Let q(k) = 2*k**2 - 83*k + 23. What is q(43)?
152
Let y(o) = -2*o**3 + 56*o + 5. Give y(-7).
299
Let h(j) = -j**3 + 21*j**2 + 47*j + 16. Calculate h(23).
39
Let k(a) = -3*a**3 + 52*a**2 + 32*a + 91. Give k(18).
19
Let j(o) = -32*o + 679. What is j(48)?
-857
Let v(o) = -o**3 - 15*o**2 + 34*o + 33. Determine v(-17).
33
Let r(n) = -3*n**3 + 9*n**2 + 15*n + 2. What is r(-3)?
119
Let r(g) = 2*g**3 + 40*g**2 - 3*g - 14. Calculate r(-20).
46
Let f(u) = -6*u**3 + 24*u**2 + 7*u - 89. Calculate f(4).
-61
Let p(r) = 2*r**2 - 31*r + 21. Calculate p(8).
-99
Let l(g) = 9*g**2 + 181*g - 39. Determine l(-20).
-59
Let d(l) = -14*l + 192. Give d(22).
-116
Let v(u) = 54*u - 504. Calculate v(9).
-18
Let o(u) = -u**3 + 4*u**2 + 15*u - 22. Calculate o(5).
28
Let v(t) = t**2 - 19*t - 28. Calculate v(19).
-28
Let l(p) = -p - 82. Calculate l(-84).
2
Let v(t) = 767*t - 2226. Give v(3).
75
Let a(m) = -11*m**2 + 239*m - 746. What is a(18)?
-8
Let q(s) = -7107*s + 35533. Give q(5).
-2
Let n(j) = -5*j**2 + 27*j - 41. Determine n(11).
-349
Let w(n) = -3*n**3 - 28*n**2 + 20*n + 19. What is w(-10)?
19
Let t(b) = 712*b**2 - 8542*b - 12. Determine t(12).
12
Let o(g) = -5*g**3 + 39*g**2 + 10*g - 16. What is o(8)?
0
Let g(r) = -67*r**2 + 17*r - 4. Determine g(1).
-54
Let b(p) = 4*p + 17. What is b(0)?
17
Let f(d) = -d**3 - 11*d**2 - 12*d + 17. Give f(-8).
-79
Let i(j) = -2*j**2 + 17*j + 114. Give i(13).
-3
Let j(t) = -t**3 + 28*t**2 + 54*t + 175. Determine j(30).
-5
Let i(t) = -108*t**2 - 408*t + 822. Determine i(2).
-426
Let p(r) = 36*r + 328. Calculate p(-9).
4
Let m(l) = -52*l - 6582. Give m(-127).
22
Let g(c) = -1992*c + 13867. Calculate g(7).
-77
Let f(x) = x**3 + 64*x**2 + 353*x + 285. Give f(-58).
-5
Let a(n) = n**3 - 39*n**2 + 149*n - 45. Determine a(4).
-9
Let y(t) = -t**2 + 4*t + 28. What is y(-8)?
-68
Let n(k) = 121*k - 242. Calculate n(2).
0
Let q(u) = -43*u + 798. Determine q(31).
-535
Let s(x) = 235*x - 625. Calculate s(4).
315
Let x(y) = -757*y - 8331. Give x(-11).
-4
Let l(c) = 293*c + 2921. Calculate l(-10).
-9
Let s(d) = -d - 111. Determine s(-7).
-104
Let s(d) = -d**3 + 39*d**2 - 52*d + 529. Determine s(38).
-3
Let j(u) = u**2 - 83*u + 1173. Determine j(18).
3
Let z(s) = 6*s**2 - 11*s - 4. Determine z(-3).
83
Let a(n) = 11*n**2 - 3*n - 15. Calculate a(-2).
35
Let g(w) = 105*w + 595. What is g(-6)?
-35
Let d(x) = -2*x**3 + 187*x**2 - 98*x + 225. Calculate d(93).
-240
Let h(c) = 55*c + 106. What is h(-3)?
-59
Let f(n) = n**2 + 12299*n - 49213. Calculate 